
-2675
Let m(c) = -c**3 + 32*c**2 + 1956*c - 248. Give m(63).
-59
Let n(b) = b**3 - 479*b**2 + 2709*b + 61012. What is n(473)?
-5
Let y(a) = -a**3 + 26*a**2 + 280*a + 7. Calculate y(34).
279
Let x(u) = u**3 - 636*u**2 - 7783*u + 40. Determine x(-12).
124
Let k(x) = x**2 - 183850*x + 20. Calculate k(0).
20
Let k(x) = -x**3 - 14*x**2 + 469*x - 676. Determine k(15).
-166
Let d(k) = -3060*k - 32961. Calculate d(-11).
699
Let d(g) = -12*g**2 - 192*g - 1270. Give d(-10).
-550
Let v(m) = -86745*m + 5725171. Give v(66).
1
Let t(k) = -222011*k - 5. Give t(0).
-5
Let m(w) = 36*w**3 - 4*w**2 + 25*w + 56. Calculate m(-2).
-298
Let l(m) = m**2 - 74*m - 3606. Determine l(80).
-3126
Let k(p) = p**3 + 12*p**2 - 14253*p - 171032. Determine k(-12).
4
Let q(c) = -c**2 + 1941*c - 47974. Give q(25).
-74
Let s(y) = -5519*y + 49702. Calculate s(9).
31
Let q(f) = f**3 + 5*f**2 + 20*f - 1224. Determine q(11).
932
Let n(r) = -4*r**2 + 3467*r - 10360. Give n(3).
5
Let y(p) = 6*p**3 - 5*p**2 + 1698*p + 3417. What is y(-2)?
-47
Let h(j) = -2*j**3 + 36*j**2 - 42*j - 81. Give h(20).
-2521
Let u(b) = -6*b**3 + 49*b**2 - 955*b + 7573. Determine u(8).
-3
Let t(n) = 2*n**3 + 31*n**2 + 759*n + 10017. Calculate t(-14).
-21
Let f(l) = l**3 - 106*l**2 + 647*l - 14. Calculate f(6).
268
Let j(y) = -y**3 - 242*y**2 - 2511*y + 6984. Give j(-231).
54
Let k(c) = -3*c**3 + 30*c**2 + 21*c - 566. Calculate k(13).
-1814
Let q(o) = -1820*o - 56431. Give q(-31).
-11
Let p(x) = x**2 - 909*x - 2725. Determine p(-3).
11
Let h(x) = -16863*x + 84451. Give h(5).
136
Let u(z) = -3*z**3 + 13*z**2 + 202*z + 140. Give u(11).
-58
Let b(n) = -44968*n - 179772. Give b(-4).
100
Let w(l) = -l**3 - 754*l**2 - 81619*l - 807. What is w(-131)?
-21
Let o(c) = 1493*c + 126841. What is o(-85)?
-64
Let c(z) = -4605*z - 571016. Calculate c(-124).
4
Let s(w) = 33*w - 597. Calculate s(-5).
-762
Let m(x) = x**2 + 310*x - 20042. Determine m(55).
33
Let x(g) = -38731*g + 774562. Give x(20).
-58
Let n(o) = 81*o**3 + 12*o**2 - 13*o + 26. What is n(-2)?
-548
Let l(t) = 54783*t + 219140. Calculate l(-4).
8
Let x(q) = q**2 + 623*q + 45263. Give x(-84).
-13
Let b(z) = -11*z**2 + 773*z + 1592. Give b(-2).
2
Let u(r) = 8*r**2 + 4047*r + 331968. Calculate u(-103).
-1
Let p(o) = 418*o + 1934. Calculate p(-3).
680
Let x(m) = 145*m - 25518. What is x(176)?
2
Let f(y) = -3*y**2 - 53*y - 475. Give f(-9).
-241
Let u(z) = -z**3 + 31*z**2 - 273*z + 1009. Determine u(12).
469
Let z(a) = -2*a**3 - 83*a**2 + 109*a + 6357. Give z(-41).
207
Let f(i) = 340*i**2 + 24480*i - 19. Give f(-72).
-19
Let j(v) = 1552*v - 1569. What is j(2)?
1535
Let c(y) = 576*y - 3828. Calculate c(7).
204
Let z(d) = 2*d**2 - 55*d - 276. Determine z(30).
-126
Let d(u) = 2297*u + 723517. Calculate d(-315).
-38
Let o(r) = 98557*r - 295677. Determine o(3).
-6
Let c(m) = -3*m**2 - 2488*m - 27073. What is c(-11)?
-68
Let n(k) = k**2 - 309*k + 5043. Give n(17).
79
Let z(r) = -200933*r + 602811. What is z(3)?
12
Let r(d) = 215*d**2 - 15*d + 24. Calculate r(2).
854
Let p(w) = 4*w**2 + 892*w + 8708. Determine p(-10).
188
Let v(i) = i**3 - 3*i**2 + 8102*i + 56631. Give v(-7).
-573
Let m(q) = -q**3 - 16*q**2 + 278*q + 3830. What is m(-13)?
-291
Let n(b) = b**3 + 81*b**2 - 548*b + 31. Calculate n(6).
-125
Let p(k) = -2496*k + 44919. Determine p(18).
-9
Let a(o) = 3*o**3 - 31*o**2 + 189*o - 1192. Calculate a(6).
-526
Let d(y) = -1099609*y + 18693352. Determine d(17).
-1
Let k(q) = 4*q**3 + 159*q**2 - 3538*q - 139918. Calculate k(-40).
2
Let b(u) = -3516*u + 650725. Calculate b(185).
265
Let p(d) = d**2 + 11572*d - 57920. Determine p(5).
-35
Let h(a) = 4*a**3 - 1011*a**2 + 30301*a + 197. Calculate h(218).
-21
Let r(j) = -152340*j + 1371060. Determine r(9).
0
Let x(a) = -a**3 - 10*a**2 + 16*a - 7. Give x(1).
-2
Let o(l) = -5*l**3 - 2*l**2 + 155223*l - 155223. What is o(1)?
-7
Let t(m) = -23649*m - 94431. Calculate t(-4).
165
Let j(v) = 9*v**2 - 382*v - 3171. Calculate j(46).
-1699
Let z(g) = 82*g**2 + 5552*g + 80424. Give z(-21).
-6
Let w(t) = 2*t**3 - 1460*t**2 + 158805*t - 408. Determine w(133).
-9
Let g(l) = -841*l**2 - 7571*l - 3. Calculate g(-9).
15
Let d(x) = -232*x**3 + 49*x**2 + x + 75. What is d(0)?
75
Let i(t) = -t**3 - 44*t**2 + 512*t + 289. Calculate i(10).
9
Let t(n) = -7*n**2 + 897*n - 207. Calculate t(128).
-79
Let b(j) = 76063*j + 2053745. Calculate b(-27).
44
Let j(t) = -44234*t + 6900512. Determine j(156).
8
Let y(o) = -1064*o - 1006. Calculate y(0).
-1006
Let z(t) = -28*t**2 + 642*t + 54. Determine z(22).
626
Let t(h) = h**2 - 4467*h + 1448476. Calculate t(352).
-4
Let k(x) = 4016*x - 29804. Calculate k(7).
-1692
Let o(q) = -4*q**2 - 154*q - 520. Calculate o(-35).
-30
Let c(g) = -g**2 - 6625*g - 387391. Calculate c(-59).
3
Let g(c) = -46*c**2 + 58*c + 112. Calculate g(-2).
-188
Let k(l) = 6*l**2 + 306*l + 3700. Determine k(-20).
-20
Let a(k) = -20*k**2 - 957*k - 11422. What is a(-25)?
3
Let m(d) = d**3 - 990*d**2 - 36*d + 35647. Give m(990).
7
Let o(z) = -197*z**2 - 3515*z + 250. What is o(-18)?
-308
Let k(j) = 2*j**3 + 2*j**2 + 106*j - 517. Determine k(5).
313
Let q(c) = 3*c**3 - 485*c**2 + 569*c - 39774. Give q(161).
-7
Let i(w) = 20*w**2 - 3706*w - 1952. Determine i(186).
652
Let q(x) = -2*x**3 - 2518*x**2 + 45912*x + 1077. Give q(18).
-3
Let l(d) = -10*d**2 - 941*d + 44. What is l(-94)?
138
Let c(d) = -19460*d + 973148. Give c(50).
148
Let a(w) = 3271*w + 4370060. What is a(-1336)?
4
Let m(o) = -2*o**2 - 6535*o - 91079. What is m(-14)?
19
Let u(r) = r**3 - 75*r**2 - 310*r + 381. Determine u(79).
855
Let m(d) = 186*d**2 + 41846*d - 825. What is m(-225)?
75
Let m(k) = -k**3 - 12658*k**2 + 240861*k + 12. Determine m(19).
-26
Let i(z) = -z**2 - 742*z - 91424. Determine i(-156).
-8
Let p(i) = 7*i**3 + 848*i**2 + 2602*i + 708. What is p(-118)?
0
Let n(r) = 9*r**3 + 15*r**2 + 6*r - 10. What is n(-4)?
-370
Let v(w) = w**2 + 751*w + 20938. Give v(-29).
0
Let o(h) = -52962*h + 317776. Calculate o(6).
4
Let j(n) = -3*n**2 + 192*n - 3022. What is j(30)?
38
Let z(l) = -l**2 - 2518*l - 1496906. Calculate z(-962).
-34
Let l(p) = 84*p - 4213. Calculate l(60).
827
Let b(c) = -c**3 - 15*c**2 - 1104*c + 4727. Determine b(4).
7
Let q(o) = -16478*o - 99027. Calculate q(-6).
-159
Let y(s) = 419*s + 11706. Determine y(-28).
-26
Let a(v) = -6*v**3 - 9*v**2 - 439*v - 2720. Give a(-6).
886
Let g(y) = -235*y + 17974. Calculate g(70).
1524
Let n(m) = 864377*m + 19. Determine n(0).
19
Let m(c) = -2*c**3 + 70*c**2 - 458*c + 1839. What is m(28)?
-9
Let p(a) = a**3 + 293*a**2 + 424*a + 124209. What is p(-293)?
-23
Let w(p) = -7*p**2 - 501*p - 8914. Determine w(-33).
-4
Let u(z) = -154*z**3 - 28*z**2 - 92*z - 61. What is u(-3)?
4121
Let q(b) = 2*b**2 - 390*b - 40501. Give q(270).
-1
Let w(i) = -i**2 + 182515*i - 3102451. Calculate w(17).
15
Let t(q) = -28*q**2 - 46*q - 399. What is t(8)?
-2559
Let u(a) = -5*a**3 - 5*a**2 + 5410*a + 10813. Give u(-2).
13
Let q(j) = -9331*j + 46674. Calculate q(5).
19
Let o(h) = -h**3 + 26*h**2 - 70*h + 549. What is o(23)?
526
Let y(s) = 13*s + 1511. Give y(-60).
731
Let j(f) = 3*f**2 + 616*f - 70201. Determine j(-287).
114
Let p(o) = 2410*o + 2339. Give p(-1).
-71
Let z(i) = -i**3 + 28*i**2 - 181*i - 220. Determine z(14).
-10
Let x(m) = 3*m**3 + 1613*m**2 + 1071*m - 1583. What is x(-537)?
28
Let m(f) = f**3 + 13*f**2 + 26*f - 106. Give m(-15).
-946
Let h(g) = g**3 + 93*g**2 + 1549*g - 4294. Give h(-70).
-24
Let g(b) = -1362*b + 2840. Determine g(2).
116
Let k(a) = 3*a**3 + 38*a**2 - 270*a - 38. Determine k(6).
358
Let z(a) = a**3 - 19*a**2 + 95*a - 18. What is z(10)?
32
Let c(v) = -32846*v + 65604. What is c(2)?
-88
Let q(o) = o**2 - 74*o - 1483. Give q(-14).
-251
Let a(r) = 501183*r - 4009465. What is a(8)?
-1
Let r(m) = m**3 - 24*m**2 - 11291*m + 281650. Determine r(25).
0
Let s(o) = -813*o - 10557. Calculate s(-13).
12
Let c(f) = 2*f**3 + 195*f**2 - 1346*f + 601. Determine c(-104).
-23
Let y(d) = d**2 + 289*d + 3328. Calculate y(-12).
4
Let h(y) = 99644*y + 498205. What is h(-5)?
-15
Let y(l) = 1162*l + 531038. What is y(-457)?
4
Let y(p) = -5*p**3 + 83*p**2 - 1114*p + 25489. Calculate y(19).
-9
Let n(h) = h**3 + 4*h**2 - 174*h - 170. Give n(12).
46
Let v(g) = g**3 + 109*g**2 + 808*g + 15. What is v(-101)?
15
Let p(g) = g**2 - 122*g - 5116. What is p(-4